w**2. Let k be p(-13). Suppose 0 = 2*g + 4*b - k, -5*b = -3*g - b + 1441. Is g prime?
True
Is 4837 + -2 - (0 + -2) - 6 composite?
False
Let o(d) be the first derivative of 85*d**2/2 - 4*d - 2. Let z be o(3). Suppose z + 754 = 5*r. Is r a prime number?
False
Let h = 25 - 21. Suppose -3*p = -h*q + 493, -3*q + 2*p + 0*p + 370 = 0. Suppose -7*l + 30 = -q. Is l prime?
False
Let j = -1838 + 4759. Is j a prime number?
False
Let u(s) = -46*s**3 + 6*s**2 - 7*s - 16. Is u(-5) a prime number?
False
Let m = -31 - -33. Suppose 0*f + 1738 = m*f. Is f a prime number?
False
Let v(b) = 222*b - 37. Is v(1) composite?
True
Let v = -16 - -23. Let t(l) = 28*l - 6. Let n be t(v). Is n + -3*(-2)/6 composite?
False
Suppose -4*k + 42 + 142 = 0. Suppose 24 = 3*o - 3*n, -5*o + n = -n - k. Suppose -r + p = 4*p - o, r - 5*p - 18 = 0. Is r prime?
True
Suppose 5*m = 2*m + 9. Let h(t) be the third derivative of t**6/30 - t**5/20 + t**4/24 + t**3/6 + 5*t**2. Is h(m) a prime number?
False
Suppose 0 = -5*m - f + 14482 + 18124, -4*f - 13038 = -2*m. Is m composite?
False
Is 145202/(-4)*(7 - (-171)/(-19)) a composite number?
True
Is (-77916)/(-48) - (-4)/(-16) a composite number?
True
Suppose -12*s + 177772 - 47608 = 0. Is s composite?
False
Suppose -k - 713 = -5*x + 17767, -4*k - 11071 = -3*x. Is x a prime number?
True
Suppose 3*l + 2*s = -l + 101830, -4*s - 76367 = -3*l. Is l prime?
True
Let l(i) = 2*i**2 - 62*i - 11. Is l(40) a prime number?
True
Suppose -4*h - 7028 = -5*y + 4527, -y + h = -2310. Is y a composite number?
True
Let f(a) = a**2 + 12*a - 10. Let l be f(-13). Suppose 0 = -2*x + l*i, -4*x + i = -2*i + 6. Is ((-1)/x)/((-1)/(-429)) prime?
False
Suppose -6*m + 810 = -3*m. Suppose -267 = -3*y + m. Is y a prime number?
True
Suppose -a + 4134 = -3*j + 469, 2*j = -5*a + 18291. Is a prime?
True
Suppose -5*o - 56 = -46. Is (2076/(-6))/(o/13) prime?
False
Suppose 85 = 5*f - 0*f. Suppose 5*w + f - 42 = 0. Suppose 0 = -w*r, i + r = -i + 130. Is i prime?
False
Let d be 4 - (4 - (2 - 3279)). Let s = 5296 + d. Is s a prime number?
False
Suppose 4 = j - 2*j. Let l(o) = o**3 + 5*o**2 + 4*o - 1. Let y be l(j). Let t = 7 + y. Is t a prime number?
False
Let f(r) = 2607*r**2 + 5*r + 9. Is f(-2) prime?
True
Let u(m) = 2*m**3 + m - 1. Let g be u(1). Let b = g + 0. Suppose -3*t - 362 = -3*s + t, -b = -2*t. Is s a prime number?
False
Suppose -172*d - 7710 = -182*d. Is d a composite number?
True
Suppose -7*u + 4*u = 5*g - 1643, 0 = -4*g - u + 1320. Is g prime?
True
Let t = -51 - -55. Suppose -4877 = -2*q + v, -t*v = -q + 396 + 2053. Is q a prime number?
True
Suppose 0 = 2*s - s - 5*j - 4882, 2*j - 9824 = -2*s. Is s a prime number?
False
Let p(n) = -10*n**2 + 2*n + 18. Let q(y) = -10*y**2 + 2*y + 19. Let k(t) = -6*p(t) + 5*q(t). Is k(10) a prime number?
True
Let x be (-5 - -7)/(3 + -2). Suppose 2*i = -3*j + 3732, -i - 1244 = -j + x*i. Suppose -5*k - r + j = 0, -2*k + 751 = k - 4*r. Is k a composite number?
True
Suppose -4*z + 10 = q, -3*z + 5*q - q = -17. Let k be (-10 - -6)*z/(-4). Suppose 4*n - 5*p = 1077 + 143, 5*n = k*p + 1525. Is n a composite number?
True
Suppose -3*c + 7045 = 2*c. Let s = 2044 - c. Is s a prime number?
False
Suppose 0 = -3*p - 2*k + 8165, 9043 + 1845 = 4*p + 3*k. Is p a prime number?
True
Suppose -t + 65765 = -b, -49*t = -44*t - 2*b - 328813. Is t a prime number?
True
Suppose -2*b + 10 = 3*y - 0, -3*b - 2*y + 15 = 0. Let t(m) = 49*m + 2. Let l be t(b). Is l/3 + (-10)/(-15) composite?
False
Suppose 7956 = 7*x - 1550. Let l = x - 939. Is l prime?
True
Let z(s) = 268*s - 8 - 34 - 108*s + 9. Is z(5) a composite number?
True
Let s(u) = 590*u + 31. Is s(12) composite?
True
Let w be 22/(-55) + (-12)/(-5). Suppose -o + 224 + 71 = -4*j, w*o - 629 = -5*j. Is o a composite number?
False
Suppose -61*t + 63 = -54*t. Let b(x) = 8*x**2 - 7*x - 14. Is b(t) prime?
True
Let n(h) = 31*h**2 + 8*h - 3. Let j be n(5). Suppose 0*u + j = 4*u. Is u prime?
False
Let f(a) = a - 6 - 7 + 4 - 2. Let v be f(8). Is (38/(-4))/(v/6) composite?
False
Let r(d) = 43073*d. Is r(1) composite?
True
Let o = -521 - -894. Is o composite?
False
Let o(x) = 231*x**2 + 15*x - 35. Is o(7) a composite number?
True
Suppose 11718 + 7411 = 4*k + 3*o, o - 19131 = -4*k. Is k prime?
True
Let a(u) = -952*u**3 + 13*u**2 + 44*u. Is a(-3) composite?
True
Let w = 2054 - -1723. Is w a composite number?
True
Suppose 2*b = -6*b + 32. Suppose 0 = -3*w + 2*u + 229, 3*w - 5*w + b*u = -150. Is w prime?
False
Let x be (2 + -3 + -5 + 6)/(-1). Let y(n) = 87 - n + 2*n**2 - 3*n**2 + 2. Is y(x) a composite number?
False
Let p = 3597 + -1520. Is p a prime number?
False
Let m be (-2*2)/(6 + 6100/(-1015)). Suppose -h = h - m. Is h a prime number?
False
Let v = -449 + 868. Is v a composite number?
False
Is 23773 - (-5 - (8 + -15)) composite?
True
Suppose 21612 = 4*j - y, -4*j + 4*y - 5*y = -21612. Is j a prime number?
False
Let o(z) = 2*z**2 - 3*z + 1. Let l be o(2). Suppose -2*a - 9 = -l. Is (-5)/12*a*20 composite?
True
Let b(n) = 514*n**2 - 6*n - 11. Is b(7) prime?
False
Let o = -723 - -117. Let h be (-3852)/10 - 2/(-10). Let f = h - o. Is f a composite number?
True
Let f = -25 + 18. Let n(w) = -3*w + 2. Let l be n(f). Suppose 88 = 3*i - l. Is i a prime number?
True
Suppose -i + 803 = -5*n - 1746, -5*n = i - 2499. Let q = i + -1065. Is q composite?
False
Let q = -66 + -45. Is (1696/(-48))/(2 + 224/q) a prime number?
False
Let u(w) = w - 7602. Let z be u(0). Is (z/3)/(-3 + 1) a composite number?
True
Let k(x) = -x + 2. Let v be k(8). Let r(n) = n + 14. Let f be r(v). Suppose 6*z = f*z - 86. Is z a composite number?
False
Let u = -26 + 33. Let k(g) = 29*g - 12. Is k(u) a composite number?
False
Suppose 0 = 5*h - 6*h - 265. Let z = 1454 - h. Suppose 0 = -3*d + 4*b + 1707, -b = 3*d - z - 3. Is d prime?
False
Let d be (3 - 7)*1/(-2). Suppose 5 = v + d. Suppose v*r + 0*r + 2*x - 639 = 0, -4*r + 4*x + 832 = 0. Is r a prime number?
True
Suppose 4 = 2*c, 0 = 3*t - 6*t + c - 203. Let j = t + 374. Is j a composite number?
False
Let y(w) = -79*w - 2 + 273*w + 5 + 70*w. Let s(a) = 265*a + 4. Let f(g) = -5*s(g) + 6*y(g). Is f(1) a composite number?
False
Let h = 3798 + -203. Is h prime?
False
Let h(p) = p**3 + 16*p**2 + 2*p + 7. Suppose 38 + 37 = -5*a. Is h(a) a composite number?
True
Let m(c) = 61*c**2 + 2*c - 79. Is m(20) prime?
False
Let y = 16974 - -8867. Is y prime?
True
Is (-2 - -1)/(20/(-185540)) prime?
True
Suppose g = -2*y + 6, 3*y = -4*g - 2 + 6. Suppose -2*m = o - 10, 0 = 4*o - y - 12. Suppose -158 - 73 = -m*f. Is f composite?
True
Is 6159/3 - 1*(-2)/(-1) a prime number?
False
Suppose 7*i - 28 + 0 = 0. Suppose 871 = i*k - 301. Is k prime?
True
Let p = 20 + -17. Suppose -p*i + 8*i - 10 = 0. Suppose 4*m - c - 863 = 0, -i*c + 1069 = -m + 6*m. Is m a prime number?
False
Suppose 4*g - 88 = -2*j, 4*j + 72 = -5*g + 185. Let c(a) = -a**3 + 22*a**2 + 30*a - 30. Is c(g) a prime number?
False
Let w = 98 + 46. Suppose -i = -3*j - 0*i + 88, -5*j = i - w. Suppose -a - 4*k = -j, -a + 4*a - 103 = -4*k. Is a prime?
True
Let z(a) = 208*a**2 - 23*a - 95. Is z(-6) a composite number?
True
Is 27/((-243)/(-6)) - (-35275)/3 composite?
True
Let b(t) = t**2 + 5*t + 3. Let i be b(-1). Let l(c) = 26*c + 2. Let q be l(6). Is q*i*(-3)/6 prime?
True
Suppose -2*i - 11 = -y, -4*i = 3*y - 7*y + 24. Let k be y*-6 + 0/5. Let t = k + 229. Is t composite?
False
Let d be (2/(-4) - -2)/((-3)/(-6)). Is (1 - -196)*(4 + d) a composite number?
True
Let b = 5292 - -7109. Is b a composite number?
False
Suppose 31*j = 119770 + 94533. Is j a prime number?
False
Let v = -7 - 5. Suppose -4*r = -4*l + 48, -l = r - 3*l + 17. Is 556 - v/(3 + r) composite?
True
Let n be (1 + 2 + -2)*(-24)/(-6). Suppose -5*i + 22 = u, i = -n*u + 32 - 1. Is u prime?
True
Let l(w) be the first derivative of 2843*w**4/4 - w**3/3 + w + 1. Is l(1) prime?
True
Suppose 5*x - 17 = 2*x + n, 5*n = -25. Let w be (-243)/36 - 1/x. Is -1 - w/((-14)/(-64)) prime?
True
Suppose 14*h - 5970280 = -26*h. Is h a prime number?
True
Suppose 4*o - 30 = 482. Let f = o + -60. Suppose g = 345 + f. Is g a composite number?
True
Let f(d) = -2*d - 6. Let n be f(-4). Suppose 0 = -n*p + 430 + 16. Is p prime?
True
Let n(t) = -15*t**2 - 34*t - 3. Let k(a) = 10*a**2 + 23*a + 2. Let v(i) = -7*k(i) - 5*n(i). Suppose 18 = -0*g - 3*g + r, -5*g - 30 